 remainder when 30 is divided by (h/i)/(4/96)?
6
Let x = -719 + 797. Calculate the remainder when 153 is divided by x.
75
Suppose 11 = 3*v + c, -2*v + 5*c = 9*c + 6. Calculate the remainder when 27 is divided by v.
2
Let o = -91 - -112. What is the remainder when 49 is divided by o?
7
Let n(c) be the second derivative of -c**5/20 - 7*c**4/12 + 4*c**3/3 + 7*c**2/2 + c. What is the remainder when (0 - 1)/(1/(-12)) is divided by n(-8)?
5
Calculate the remainder when 3/(7*1/77) is divided by 12.
9
Let y(f) = f**2 + 24*f - 7. What is the remainder when y(-27) is divided by 15?
14
Suppose 830 = 6*y - 406. Calculate the remainder when y is divided by 72.
62
Suppose q - w - 16 = 56, 2*q - 144 = 5*w. Calculate the remainder when q is divided by 23 + 7/((-7)/4).
15
Suppose -314 = -s - 4*c, -2*s + c + 3*c = -580. What is the remainder when s is divided by 50?
48
Let f = -133 - -174. What is the remainder when f is divided by 33?
8
Let l = 166 - -163. What is the remainder when l is divided by 30?
29
Suppose j - 675 = -4*w - 0*j, -3*j + 325 = 2*w. Suppose 12*o - 1763 = -29*o. Calculate the remainder when w is divided by o.
41
Let w = 2 - -2. Suppose -10 = w*y + 6. Let d(a) = -a**3 - 2*a**2 + a - 4. What is the remainder when d(y) is divided by 13?
11
Suppose 11*y - 79 - 20 = 0. What is the remainder when 1512/30 - (-3)/5 is divided by y?
6
Let c(f) = -5*f**3 + 2*f**2 + 4. Let p be c(-2). Suppose -3*y = -4*x - 29 - 28, 2*y = -2*x + p. What is the remainder when y is divided by 9?
5
Let w = 746 + -707. What is the remainder when 104 is divided by w?
26
What is the remainder when (-66)/5*20/(-6) is divided by -2 - -17 - (-10 - 0/(-12))?
19
Suppose 71*r = 62*r + 342. What is the remainder when r is divided by 20?
18
Let u(c) = -c**3 + 6*c + 24. What is the remainder when u(-3) is divided by 5?
3
Suppose 4*h - 2*o - 4 = -102, -3*h = -2*o + 71. Let f = 97 + h. Suppose 98 - 50 = 2*t. Calculate the remainder when f is divided by t.
22
Let r = 19 - 15. Suppose -4*d - 4 = r. What is the remainder when 18 is divided by (-7)/d + 57/38?
3
Suppose -q + 4*t = -46, 3*t + 6 = 5*q - 139. What is the remainder when q is divided by (13/(-3) - -2)*-3?
5
Suppose -97*y + 103*y = 96. Calculate the remainder when 59 is divided by y.
11
Let t = -34 - -63. Let y be (0 - 2)/(6/(-12)). Suppose u = -3*u - y*b + 20, 4*u - 29 = -b. What is the remainder when t is divided by u?
5
Suppose -2*q + 195 + 45 = 0. Suppose q = 6*a + 12. Calculate the remainder when 52 is divided by a.
16
Suppose 3*q - 47 = 49. What is the remainder when 1 + q + 2*5/10 is divided by 7?
6
Let l = -368 - -381. Let d = -114 - -165. What is the remainder when d is divided by l?
12
Let b(n) = -n**2 + 4*n - 1. Let x(g) = g**2 - 8*g + 6. Let a be x(6). Let o be (2/(-4))/(1/a). What is the remainder when 3 is divided by b(o)?
1
Suppose 3*u + 2*u = 175. Let g = u - -24. Calculate the remainder when g is divided by 8 + 161/(-7)*-1.
28
Let v = 205 + -99. Calculate the remainder when (1 - v)*8/(-24) is divided by 19.
16
Let b = -109 + 147. What is the remainder when 150 is divided by b?
36
Let c = -279 + 298. What is the remainder when c is divided by 7?
5
Let c = -539 - -652. Let f = 0 + 29. Calculate the remainder when c is divided by f.
26
Let y(i) = -9*i**3 - 2*i**2 - i. Let k be y(-1). Let a = 18 - k. What is the remainder when a is divided by 3?
1
Suppose h = -4*k + 1 + 3, -3*h = -4*k - 44. Calculate the remainder when 130 is divided by h.
10
Let t(w) = -w**2 + 27*w + 87. What is the remainder when 606 is divided by t(29)?
26
Suppose 145 + 3 = -4*a. Let r = a + 39. What is the remainder when 3 is divided by r?
1
Let n = 91 - 12. Calculate the remainder when 707 is divided by n.
75
Let b(d) = 62*d**3 - 7*d**2 + 6. Let i(y) = 61*y**3 - 6*y**2 + 5. Let o(u) = -6*b(u) + 7*i(u). Calculate the remainder when o(1) is divided by 14.
12
Let c = 1134 + -819. Calculate the remainder when c is divided by 53.
50
Let k = 25 - 23. Suppose 3*q = k*g - 107, g - 2*g + 51 = -q. Let d = -18 + 34. Calculate the remainder when g is divided by d.
14
What is the remainder when 52 is divided by (-2067)/(-265) + 1/5?
4
Suppose m - 20 = -4*m - v, 0 = 2*m - 5*v - 35. Calculate the remainder when (-1)/1*-5 + m is divided by 1.
0
Suppose -12*o - 53*o = -4615. Calculate the remainder when o is divided by 13.
6
Calculate the remainder when 86/(-4)*14/(-7) is divided by 22.
21
Let b be 3 + -2 + -3 + 1*20. Suppose 0 = -2*q - 2*z + b, -4*z + 1 - 61 = -4*q. What is the remainder when 45 is divided by q?
9
Let q be 20/(-6) - (-4)/12. Let t = q + 7. Suppose -d + 39 = 5*j, -4*d = -9*d - 4*j + 90. What is the remainder when d is divided by t?
2
Let f = -83 + 151. Suppose -67 = -5*o + f. What is the remainder when o is divided by 13 + 2/((-4)/6)?
7
Let j(n) = 13*n + 92. Calculate the remainder when j(16) is divided by 43.
42
Suppose 0 = n + 3 - 0. What is the remainder when n*(-3 - (-28)/(-6)) is divided by 6?
5
Let r be (6/(-6))/(1/(-7)). Suppose -5*o = -8 - r. What is the remainder when 7 is divided by o?
1
Calculate the remainder when 483 is divided by 20/25 + (-104)/(-20).
3
Suppose -20*c + 15*c = -650. Let v = -72 + c. Calculate the remainder when v is divided by 12.
10
Suppose v - 3*w + 17 - 48 = 0, -w = 4*v - 176. Suppose -5*k = 3*n + 99, -3*n + 50 = -4*k - 40. What is the remainder when v is divided by 2/(1 - k/(-23))?
20
Suppose -5*y - 90 = -5*w, -w - 4*y + 40 = 2*w. Calculate the remainder when 51 is divided by w/(-2) + 4 + 17.
12
Suppose 108*o - 24 = 107*o - d, -o + 49 = -4*d. Let u = 0 - 0. Suppose s = -u*s + 10. What is the remainder when o is divided by s?
9
Suppose 3*o + 94 = 2*g, -4*g - 3*o + 90 = -80. Let j be 120/(2/((-12)/(-9))). Suppose 8*c = 13*c - j. What is the remainder when g is divided by c?
12
Suppose -1717 = -12*p + 371. Calculate the remainder when p is divided by 35.
34
Let a be ((-4)/6)/((-2)/(-45)). What is the remainder when 34 is divided by 5 + (1 - a/5)?
7
Let a = 501 - 495. Calculate the remainder when 28 is divided by a.
4
Suppose 0 = v + z - 25, 26 = 5*v - 3*z - 83. Suppose 523 = 14*y - 79. What is the remainder when y is divided by v?
20
Suppose -5*l + l + 12 = 0. Suppose 5*p + 3*v = 172, -l*p + 109 = -0*p - 4*v. Calculate the remainder when p is divided by 10.
5
Let k = -135 - -235. Suppose -m = -6*m + k. Calculate the remainder when 77 is divided by m.
17
Let d = 7 + -4. Suppose 4*x + 4 = 2*l, -17 = -0*l - l - d*x. Calculate the remainder when 39 is divided by l.
7
Let l(y) be the second derivative of -27*y**3/2 + 11*y**2/2 - y + 5. Calculate the remainder when l(-1) is divided by 16.
12
Suppose 3*l - 30 = -2*l. Let f be 2*(9/l)/3. Let a = 9 - f. Calculate the remainder when 31 is divided by a.
7
Suppose -14*c + 30 + 2098 = 0. Calculate the remainder when c is divided by 7.
5
Let n = 498 + -456. What is the remainder when ((-183)/4)/(9/(-24)) is divided by n?
38
Let v(w) = -w**2 + 17*w + 93. What is the remainder when 160 is divided by v(19)?
50
Let u = -1425 + 1621. Calculate the remainder when u is divided by 64.
4
Let z(i) = -i**3 + 8*i**2 + 11*i - 10. Suppose 0 = 3*j - 49 - 20. Calculate the remainder when j is divided by z(9).
7
Let z(a) = -10*a - 1. Let y be 0*(-1)/(0 - 2). Let d = -3 + y. Calculate the remainder when z(d) is divided by 15.
14
Suppose c = 10*c - 261. Calculate the remainder when 140 is divided by c.
24
Calculate the remainder when (4 - (6 - (-886)/(-4)))*2 is divided by 18.
7
Suppose 3*x - 204 = -3*x. Suppose 0 = 4*d - 16, -7*j + 12 = -3*j - 2*d. Calculate the remainder when x is divided by j.
4
Let s = 2 - -29. Let g = 10 + s. What is the remainder when g is divided by 15?
11
Let y = 1166 + -1061. What is the remainder when y is divided by 37?
31
Calculate the remainder when 17 is divided by 12/(-2)*(-6)/18 - -8.
7
Let i = 13 - -61. Let h = -15 + 30. Calculate the remainder when i is divided by h.
14
Let l = -1181 - -2347. What is the remainder when l is divided by 73?
71
Let x = 88 - 73. Calculate the remainder when 28 is divided by x.
13
Let l = -1340 + 1543. Calculate the remainder when l is divided by 192.
11
Suppose 179*p = 183*p - 292. What is the remainder when 144 is divided by p?
71
Suppose 2*r - 15 + 5 = 0. What is the remainder when 52 is divided by r?
2
Let f(v) be the second d